the remainder when 4037 is divided by 87?
35
Calculate the remainder when 10422 is divided by 2911.
1689
What is the remainder when 6078 is divided by 2853?
372
Calculate the remainder when 32081 is divided by 544.
529
Calculate the remainder when 3540 is divided by 909.
813
What is the remainder when 185535 is divided by 1559?
14
What is the remainder when 1363 is divided by 14?
5
What is the remainder when 1693741 is divided by 8?
5
Calculate the remainder when 482 is divided by 107.
54
Calculate the remainder when 39859 is divided by 1258.
861
Calculate the remainder when 58478 is divided by 162.
158
Calculate the remainder when 44901 is divided by 69.
51
Calculate the remainder when 2148 is divided by 2141.
7
Calculate the remainder when 25618 is divided by 74.
14
Calculate the remainder when 43169 is divided by 43.
40
Calculate the remainder when 705766 is divided by 24.
22
What is the remainder when 634 is divided by 29?
25
What is the remainder when 16 is divided by 9?
7
What is the remainder when 20680 is divided by 183?
1
Calculate the remainder when 5052 is divided by 459.
3
What is the remainder when 1774913 is divided by 107?
104
What is the remainder when 1749 is divided by 736?
277
What is the remainder when 13777 is divided by 65?
62
What is the remainder when 30711 is divided by 238?
9
Calculate the remainder when 3764 is divided by 744.
44
What is the remainder when 10774 is divided by 14?
8
What is the remainder when 502 is divided by 119?
26
Calculate the remainder when 11784 is divided by 92.
8
What is the remainder when 269182 is divided by 48?
46
Calculate the remainder when 69281 is divided by 1473.
50
Calculate the remainder when 21469 is divided by 99.
85
Calculate the remainder when 5083 is divided by 377.
182
What is the remainder when 10890 is divided by 376?
362
Calculate the remainder when 3488 is divided by 76.
68
Calculate the remainder when 1566 is divided by 76.
46
Calculate the remainder when 998 is divided by 435.
128
Calculate the remainder when 1440 is divided by 648.
144
What is the remainder when 7488 is divided by 1069?
5
What is the remainder when 16176 is divided by 353?
291
What is the remainder when 1985967 is divided by 386?
383
What is the remainder when 49372 is divided by 1496?
4
Calculate the remainder when 593 is divided by 116.
13
What is the remainder when 76306 is divided by 457?
444
What is the remainder when 268066 is divided by 67013?
14
What is the remainder when 191734 is divided by 47929?
18
What is the remainder when 18171 is divided by 623?
104
Calculate the remainder when 35273 is divided by 17.
15
What is the remainder when 6300 is divided by 899?
7
What is the remainder when 8345611 is divided by 1892?
1891
What is the remainder when 16898 is divided by 1089?
563
What is the remainder when 10541 is divided by 455?
76
Calculate the remainder when 622677 is divided by 120.
117
What is the remainder when 12922 is divided by 6417?
88
What is the remainder when 1970 is divided by 456?
146
Calculate the remainder when 12058 is divided by 525.
508
What is the remainder when 62178 is divided by 31048?
82
What is the remainder when 272398 is divided by 166?
158
Calculate the remainder when 2876557 is divided by 656.
653
What is the remainder when 365385 is divided by 6643?
20
Calculate the remainder when 3464 is divided by 8.
0
What is the remainder when 7476 is divided by 59?
42
What is the remainder when 945 is divided by 60?
45
What is the remainder when 9623 is divided by 1922?
13
Calculate the remainder when 35561 is divided by 741.
734
Calculate the remainder when 119723 is divided by 251.
247
What is the remainder when 51515 is divided by 56?
51
What is the remainder when 46934 is divided by 297?
8
What is the remainder when 2970 is divided by 73?
50
What is the remainder when 5698 is divided by 100?
98
Calculate the remainder when 55260 is divided by 1121.
331
What is the remainder when 14907 is divided by 7?
4
What is the remainder when 343485 is divided by 846?
9
Calculate the remainder when 10972 is divided by 183.
175
Calculate the remainder when 10422 is divided by 945.
27
What is the remainder when 392 is divided by 77?
7
Calculate the remainder when 21686 is divided by 7.
0
Calculate the remainder when 964 is divided by 96.
4
Calculate the remainder when 5835 is divided by 108.
3
What is the remainder when 100150 is divided by 428?
426
What is the remainder when 25255 is divided by 4200?
55
What is the remainder when 733 is divided by 91?
5
Calculate the remainder when 6718 is divided by 1331.
63
Calculate the remainder when 1466 is divided by 1327.
139
Calculate the remainder when 7409 is divided by 413.
388
Calculate the remainder when 15828 is divided by 21.
15
Calculate the remainder when 51659 is divided by 369.
368
What is the remainder when 10181 is divided by 3372?
65
What is the remainder when 16227 is divided by 4055?
7
Calculate the remainder when 1491 is divided by 393.
312
Calculate the remainder when 32743 is divided by 1637.
3
Calculate the remainder when 45532 is divided by 66.
58
Calculate the remainder when 53782 is divided by 417.
406
Calculate the remainder when 208671 is divided by 34773.
33
What is the remainder when 10473 is divided by 41?
18
Calculate the remainder when 123406 is divided by 410.
406
What is the remainder when 7258 is divided by 87?
37
Calculate the remainder when 12149 is divided by 56.
53
What is the remainder when 33243 is divided by 47?
14
What is the remainder when 286 is divided by 169?
117
What is the remainder when 35815 is divided by 44?
43
Calculate the remainder when 78751 is divided by 16.
15
Calculate the remainder when 13740 is divided by 4575.
15
Calculate the remainder when 108882 is divided by 326.
324
What is the remainder when 127797 is divided by 22?
21
What is the remainder when 49726 is divided by 10?
6
What is the remainder when 6117 is divided by 36?
33
What is the remainder when 1612387 is divided by 314?
311
Calculate the remainder when 292313 is divided by 22.
21
Calculate the remainder when 10229 is divided by 1496.
1253
What is the remainder when 74325 is divided by 202?
191
What is the remainder when 36386 is divided by 3638?
6
Calculate the remainder when 633 is divided by 205.
18
Calculate the remainder when 1325 is divided by 1314.
11
Calculate the remainder when 3195 is divided by 1059.
18
What is the remainder when 18122 is divided by 92?
90
Calculate the remainder when 51082 is divided by 460.
22
Calculate the remainder when 615309 is divided by 773.
1
Calculate the remainder when 1940 is divided by 276.
8
What is the remainder when 963 is divided by 472?
19
Calculate the remainder when 20396 is divided by 2050.
1946
Calculate the remainder when 1476203 is divided by 718.
713
Calculate the remainder when 1622 is divided by 524.
50
What is the remainder when 1423 is divided by 711?
1
What is the remainder when 1102 is divided by 997?
105
Calculate the remainder when 18437 is divided by 178.
103
What is the remainder when 5522 is divided by 953?
757
Calculate the remainder when 22275 is divided by 1112.
35
Calculate the remainder when 218 is divided by 203.
15
What is the remainder when 488070 is divided by 494?
492
What is the remainder when 53204 is divided by 15?
14
What is the remainder when 10739 is divided by 1531?
22
What is the remainder when 2934 is divided by 490?
484
What is the remainder when 7164 is divided by 398?
0
What is the remainder when 2423 is divided by 1203?
17
What is the remainder when 125075 is divided by 1226?
23
Calculate the remainder when 41887 is divided by 19.
11
What is the remainder when 46233 is divided by 11507?
205
What is the remainder when 37403 is divided by 1385?
8
What is the remainder when 272038 is divided by 272024?
14
Calculate the remainder when 43877 is divided by 8774.
7
What is the remainder when 255508 is divided by 28388?
16
Calculate the remainder when 24785 is divided by 67.
62
Calculate the remainder when 42927 is divided by 7138.
99
What is the remainder when 28055 is divided by 275?
5
Calculate the remainder when 85263 is divided by 64.
15
Calculate the remainder when 11766 is divided by 2605.
1346
What is the remainder when 9987 is divided